*2 + 3415*l - 6822. What is y(2)?
4
Let p(s) = 2*s**2 + 904*s - 1460736. Determine p(658).
24
Let m(p) = -p**3 - 21*p**2 - 86*p - 124. Give m(-8).
-268
Let z(f) = -f**3 + 28*f**2 - 144*f - 532. Determine z(21).
-469
Let n(u) = -u**3 - 216*u**2 + 7105*u + 43. What is n(29)?
43
Let f(b) = -b**3 + 497*b**2 - 57356*b + 8192. Determine f(315).
2
Let z(u) = 4175*u + 133316. Calculate z(-32).
-284
Let a(p) = 8*p**2 + 1547*p - 51487. Calculate a(29).
104
Let y(x) = -x**2 - 163045*x + 815221. What is y(5)?
-29
Let j(o) = -718*o - 465270. Calculate j(-648).
-6
Let t(u) = -207*u**2 - 5097*u + 10189. Determine t(2).
-833
Let g(c) = -c**3 - 87*c**2 + 523*c + 5752. Calculate g(-92).
-44
Let o(b) = 2*b**3 + b**2 - 7280*b + 36355. Determine o(5).
230
Let t(o) = -o**2 + 245*o - 14824. Determine t(136).
0
Let g(r) = -1157*r - 244222. What is g(-211)?
-95
Let c(f) = -837*f**2 + 839*f + 2. Determine c(1).
4
Let p(h) = h**2 - 64*h - 978. Determine p(-13).
23
Let u(s) = -11119*s - 400552. Calculate u(-36).
-268
Let k(i) = i**2 - 182*i + 6890. What is k(59)?
-367
Let f(w) = -2065*w + 119967. What is f(58)?
197
Let k(d) = -4*d**3 + 171*d**2 + 52*d - 398. Determine k(43).
-11
Let d(c) = -376*c**2 + 18434*c - 492. Calculate d(49).
-2
Let d(j) = -9*j**2 + 37*j + 37. Determine d(8).
-243
Let p(i) = -122*i - 7834. What is p(-65)?
96
Let x(c) = 2*c**3 + 177*c**2 - 2953*c + 3515. What is x(-103)?
13
Let h(n) = -79548*n + 477283. What is h(6)?
-5
Let z(f) = 57*f**3 + 1143*f**2 + 264*f + 4077. Give z(-20).
-3
Let h(u) = u**2 - 85*u - 564. Give h(96).
492
Let t(l) = 211*l**3 + 223*l**2 + 189*l - 35. Calculate t(-1).
-212
Let y(s) = -5*s**2 + 419*s - 5. Give y(84).
-89
Let o(n) = -6*n**2 - 1358*n - 17291. Determine o(-13).
-651
Let k(y) = 2*y**2 + 12995*y + 950710. Determine k(-74).
32
Let j(y) = 5*y**2 + 3107*y + 27550. Give j(-9).
-8
Let k(z) = 253*z**2 + 8141*z + 1493. Calculate k(-32).
53
Let g(n) = n**3 - 268*n**2 + 801*n - 1408. Determine g(265).
182
Let d(y) = -y**2 + 1107*y - 88764. What is d(87)?
-24
Let t(v) = v**3 + 54*v**2 - 121*v - 3360. Give t(-55).
270
Let u(w) = w**3 - 25*w**2 + 87*w + 121. Determine u(21).
184
Let s(q) = 9*q**2 - 11448*q + 81. Give s(0).
81
Let f(x) = 143*x + 649. Calculate f(-5).
-66
Let p(v) = 5638*v + 9127933. Determine p(-1619).
11
Let k(l) = -9938*l + 29818. Give k(3).
4
Let k(l) = -l**3 + 11*l**2 + 597*l - 8243. What is k(16)?
29
Let i(c) = -18101*c + 434508. Give i(24).
84
Let l(p) = -41885*p + 586394. What is l(14)?
4
Let v(m) = -6312*m + 25205. Give v(4).
-43
Let s(g) = -7*g**3 - 2*g**2 + 44*g - 77. Determine s(2).
-53
Let w(f) = -1583*f**2 + 6327*f + 17. Calculate w(4).
-3
Let p(f) = -f**3 + 66*f**2 + 83*f - 5616. Calculate p(66).
-138
Let u(i) = 255452*i - 510899. Determine u(2).
5
Let n(r) = r**3 + 2109*r**2 + 559*r - 3265294. Give n(-2108).
-2
Let m(d) = d**2 + 597*d - 16731. Calculate m(26).
-533
Let j(u) = 82*u**3 + u**2 - 44*u + 40. Determine j(1).
79
Let d(a) = -a**2 - 939578*a - 2818721. Determine d(-3).
4
Let d(m) = -9*m - 492. What is d(-73)?
165
Let y(w) = -120*w**3 + 9*w**2 - 147*w + 135. Calculate y(1).
-123
Let a(p) = -114*p - 669. What is a(-22)?
1839
Let u(v) = -400*v**3 + v**2 - 49*v - 48. What is u(-1)?
402
Let n(q) = -q**3 - 24*q**2 - 77*q + 154. Calculate n(-20).
94
Let l(i) = 3*i**2 + 6919*i + 34608. Calculate l(-5).
88
Let m(c) = -91*c**2 - 2628*c + 413. Give m(-29).
94
Let t(r) = -1324*r - 35214. Give t(-28).
1858
Let f(m) = -9408*m - 122583. Give f(-13).
-279
Let i(p) = 176795*p - 707180. Calculate i(4).
0
Let z(m) = -2*m**3 - 3107*m**2 - 7800*m - 69791. Determine z(-1551).
4
Let r(d) = -5548*d - 27597. What is r(-5)?
143
Let g(d) = -d**3 + 21*d**2 - 116*d + 349. Give g(16).
-227
Let d(y) = -276577*y - 3872076. Give d(-14).
2
Let a(b) = 3*b**2 + 250*b - 1053. What is a(-90)?
747
Let w(s) = 20*s**2 + 936*s + 18. Give w(-48).
1170
Let s(j) = j**2 + 82*j + 615. Calculate s(-64).
-537
Let t(x) = x**3 + 131*x**2 + 126*x + 115. Determine t(-130).
635
Let s(k) = 2228*k + 41909. Calculate s(-19).
-423
Let h(f) = 86*f - 2737. Calculate h(27).
-415
Let q(r) = -r**3 - 265*r**2 + 15388*r + 656. Calculate q(-314).
28
Let z(r) = -448*r**3 + 19*r**2 - 235*r + 213. Determine z(1).
-451
Let p(v) = -13*v**2 - 244*v - 915. Calculate p(-5).
-20
Let i(z) = 21724*z + 130323. Determine i(-6).
-21
Let m(x) = 2*x**3 + 49*x**2 + 102*x + 8595. Give m(-28).
251
Let j(z) = -17*z**2 - 78*z - 70. Give j(-1).
-9
Let b(u) = 93*u**2 - 27989*u - 1230. What is b(301)?
-26
Let z(q) = 152*q**2 - 9074*q - 12076. Determine z(61).
2
Let b(i) = 4*i**3 + 39*i**2 - 612*i - 51. What is b(-18)?
273
Let g(w) = -540*w - 113. What is g(3)?
-1733
Let b(y) = -60*y + 25980. Determine b(432).
60
Let n(c) = -102*c**2 + 8057*c + 100. What is n(79)?
21
Let t(n) = -n**3 - 37*n**2 - 44*n - 239. Calculate t(-38).
2877
Let b(o) = -137985*o - 1931772. What is b(-14)?
18
Let c(h) = -169*h**2 + 1905*h + 1473. Determine c(12).
-3
Let r(k) = -230*k + 28848. Calculate r(125).
98
Let f(w) = 2742*w**2 + 2972*w - 6. Give f(-1).
-236
Let m(h) = -h**2 + 1034*h - 247398. Give m(376).
10
Let i(p) = -260*p**3 + p**2 - 60*p + 60. Give i(1).
-259
Let w(r) = 4*r**2 - 818*r - 696936. Determine w(532).
-16
Let r(x) = -128*x + 2686. Determine r(24).
-386
Let w(s) = -35770*s + 286175. What is w(8)?
15
Let f(u) = -38426*u + 59176041. Calculate f(1540).
1
Let q(b) = b**3 + 42*b**2 + 81*b + 44. Give q(-40).
4
Let j(d) = -2874*d + 433966. Determine j(151).
-8
Let c(z) = -2429*z + 41270. Determine c(17).
-23
Let w(t) = -2961628*t - 53309299. What is w(-18)?
5
Let x(h) = 392*h**3 - 29*h**2 - 2*h - 4. Give x(-2).
-3252
Let c(z) = -309*z**3 - 1247*z**2 - 72*z - 109. Determine c(-4).
3
Let m(l) = 80103*l - 961217. What is m(12)?
19
Let d(k) = -5*k**3 - 942*k**2 - 331*k + 8748. Give d(-188).
288
Let n(d) = 2*d**3 - 75*d**2 + 88*d - 140. Determine n(36).
-860
Let d(j) = -2*j**3 - 57*j**2 - 294*j + 1510. Determine d(-18).
-2
Let v(m) = -3306*m + 565363. Determine v(171).
37
Let v(s) = 27*s**2 - 333*s - 214. What is v(13)?
20
Let u(m) = -1616*m - 1123119. What is u(-695)?
1
Let n(y) = -y**2 - 984*y - 242102. What is n(-488)?
-54
Let x(f) = 22*f**2 + 112*f - 538. What is x(5)?
572
Let a(f) = 108481*f - 3037457. What is a(28)?
11
Let r(c) = -c**3 + 8*c**2 + 26*c + 555. Give r(0).
555
Let n(j) = -145448*j + 145314. Calculate n(1).
-134
Let d(a) = -7819*a - 1047759. What is d(-134)?
-13
Let a(f) = 3*f**3 + 30*f**2 - 582*f - 5816. Calculate a(-10).
4
Let s(y) = 45317*y + 6570944. Determine s(-145).
-21
Let u(n) = 610*n - 17763. Determine u(29).
-73
Let f(p) = 174*p**3 + 1065*p**2 - 6*p - 68. Calculate f(-6).
724
Let g(p) = -p**3 - 215*p**2 - 21657*p - 4724563. What is g(-216)?
5
Let p(j) = -2*j**2 - 9*j + 250. Calculate p(17).
-481
Let b(z) = -z**3 - 814*z**2 + 4094*z - 137. Calculate b(5).
-142
Let j(q) = -6977*q + 41859. What is j(6)?
-3
Let c(u) = 7*u**3 + 6318*u**2 - 2555*u + 139068. Give c(-903).
6
Let y(s) = 27135*s - 678040. Determine y(25).
335
Let w(n) = 81*n + 2519. Determine w(-30).
89
Let t(v) = -3*v**3 + 740*v**2 - 529*v + 9095. What is t(246)?
-7
Let w(n) = 6*n**2 + 30*n - 6697. What is w(-36)?
-1
Let m(k) = 13*k**3 + 93*k**2 - 21*k - 102. Calculate m(-7).
143
Let i(c) = -15884*c - 47663. What is i(-3)?
-11
Let i(w) = -w**3 - 306*w**2 - 824*w - 65655. Calculate i(-304).
9
Let n(s) = -10*s**2 - 385*s - 2504. Give n(-8).
-64
Let y(o) = -o**3 + 683*o**2 - 11977*o + 4652. What is y(665)?
-3
Let s(b) = -4*b**3 - b**2 + 23*b - 22. What is s(2)?
-12
Let o(v) = v**2 + 370*v + 33402. Determine o(-220).
402
Let q(b) = b**3 - 134*b**2 - 275*b + 420. Calculate q(136).
12
Let p(b) = -5899*b - 2737205. Determine p(-464).
-69
Let r(s) = s**2 + 91925*s - 919356. Calculate r(10).
-6
Let l(u) = 2*u**3 + 276*u**2 - 8*u - 645. Calculate l(-138).
459
Let d(b) = 315051*b - 630067. What is d(2)?
35
Let c(r) = r**2 + 623030*r - 6230384. Determine c(10).
16
Let b(r) = 728064*r + 93. Give b(0).
93
Let f(k) = -225*k**3 + 459*k - 458. What is f(1)?
-224
Let a(b) = -18727*b + 430699. What is a(23)?
-22
Let a(q) = 2*q**2 - 2254*q - 48227. Determine a(-21).
-11
Let d(r) = -40*r**2 - 762*r - 3039. Determine d(-4).
-631
Let s(y) = 466142*y - 8856681. What is s(19)?
17
Let m(u) = 464*u**2 + 777*u - 783. Calculate m(1).
458